{"id":7,"date":"2018-03-28T15:10:06","date_gmt":"2018-03-28T18:10:06","guid":{"rendered":"http:\/\/neomundi.com.br\/novo\/?page_id=7"},"modified":"2024-09-02T19:59:21","modified_gmt":"2024-09-02T22:59:21","slug":"qrcontact","status":"publish","type":"page","link":"https:\/\/neomundi.com.br\/novo\/","title":{"rendered":"Apresenta\u00e7\u00e3o Neomundi"},"content":{"rendered":"<p>[et_pb_section fb_built=&#8221;1&#8243; inner_shadow=&#8221;on&#8221; _builder_version=&#8221;4.16&#8243; global_colors_info=&#8221;{}&#8221;][et_pb_row _builder_version=&#8221;4.27.0&#8243; hover_enabled=&#8221;0&#8243; global_colors_info=&#8221;{}&#8221; custom_margin=&#8221;8px|auto||auto||&#8221; sticky_enabled=&#8221;0&#8243; use_background_color_gradient=&#8221;on&#8221; background_color_gradient_type=&#8221;circular&#8221; width=&#8221;100%&#8221; use_custom_gutter=&#8221;on&#8221; make_equal=&#8221;on&#8221; height=&#8221;1000px&#8221; max_height=&#8221;1000px&#8221;][et_pb_column type=&#8221;4_4&#8243; _builder_version=&#8221;4.16&#8243; custom_padding=&#8221;|||&#8221; hover_enabled=&#8221;0&#8243; global_colors_info=&#8221;{}&#8221; custom_padding__hover=&#8221;|||&#8221; sticky_enabled=&#8221;0&#8243;][et_pb_code _builder_version=&#8221;4.27.0&#8243; _module_preset=&#8221;default&#8221; hover_enabled=&#8221;0&#8243; sticky_enabled=&#8221;0&#8243; custom_padding=&#8221;0px|||||&#8221; text_orientation=&#8221;center&#8221; box_shadow_style=&#8221;preset1&#8243;]Seja bem vindo. [\/et_pb_code][et_pb_testimonial author=&#8221;Humberto Coelho&#8221; job_title=&#8221;Diretor&#8221; company_name=&#8221;Neomundi Internet&#8221; portrait_url=&#8221;data:image\/svg+xml;base64,PHN2ZyB3aWR0aD0iNTAwIiBoZWlnaHQ9IjUwMCIgdmlld0JveD0iMCAwIDUwMCA1MDAiIHhtbG5zPSJodHRwOi8vd3d3LnczLm9yZy8yMDAwL3N2ZyI+CiAgICA8ZyBmaWxsPSJub25lIiBmaWxsLXJ1bGU9ImV2ZW5vZGQiPgogICAgICAgIDxwYXRoIGZpbGw9IiNFQkVCRUIiIGQ9Ik0wIDBoNTAwdjUwMEgweiIvPgogICAgICAgIDxyZWN0IGZpbGwtb3BhY2l0eT0iLjEiIGZpbGw9IiMwMDAiIHg9IjY4IiB5PSIzMDUiIHdpZHRoPSIzNjQiIGhlaWdodD0iNTY4IiByeD0iMTgyIi8+CiAgICAgICAgPGNpcmNsZSBmaWxsLW9wYWNpdHk9Ii4xIiBmaWxsPSIjMDAwIiBjeD0iMjQ5IiBjeT0iMTcyIiByPSIxMDAiLz4KICAgIDwvZz4KPC9zdmc+Cg==&#8221; _builder_version=&#8221;4.16&#8243; _module_preset=&#8221;default&#8221; global_colors_info=&#8221;{}&#8221; ab_subject=&#8221;on&#8221; ab_subject_id=&#8221;2&#8243; ab_goal=&#8221;on&#8221;]<\/p>\n<p>IMPORTANTE:\u00a0<br \/>Hoje, 10\/03\/2021 &#8211; 11:00, tomamos ci\u00eancia de que est\u00e3o entrando em contato com empresas distribuidoras de produtos para inform\u00e1tica utilizando como negociador, o at\u00e9 agora descrito como <span style=\"background-color: #f5f5f5; font-size: 14px;\">Rodrigo Soares, que n\u00e3o \u00e9 nem nunca foi nosso funcion\u00e1rio.<br \/>Os FRAUDADORES utilizam c\u00f3pias de documentos, juntamente com uma CNH fraudada para fazer compras da alto valor em nosso nome.\u00a0<br \/>INFORMAMOS que desde 2008 N\u00c3O trabalhamos comprando ou revendendo qualquer equipamento de INFORMATICA, e mesmo quando o faz\u00edamos nunca financiamos qualquer valor.<br \/>Nosso trabalho \u00e9 dimensionar, contratar e gerenciar servidores e servi\u00e7os, com pagamento antecipado pelo uso\/disponibiliza\u00e7\u00e3o dos servi\u00e7os.<br \/>Solicitamos a todos que forem procurados em nome da empresa que RECUSEM a venda sob qualquer justificativa quando n\u00e3o se tratar de venda \u00e0 vista, e, ainda assim, chequem conosco presencialmente ou por v\u00eddeo em caso de alguma compra de alto valor.<\/span><\/p>\n<p>Estamos a disposi\u00e7\u00e3o para eventuais esclarecimentos.<span style=\"background-color: #f5f5f5; font-size: 14px;\"><\/span><\/p>\n<p>[\/et_pb_testimonial][et_pb_slider _builder_version=&#8221;4.16&#8243; background_color=&#8221;#b2b2b2&#8243; global_colors_info=&#8221;{}&#8221; button_text_size__hover_enabled=&#8221;off&#8221; button_one_text_size__hover_enabled=&#8221;off&#8221; button_two_text_size__hover_enabled=&#8221;off&#8221; button_text_color__hover_enabled=&#8221;off&#8221; button_one_text_color__hover_enabled=&#8221;off&#8221; button_two_text_color__hover_enabled=&#8221;off&#8221; button_border_width__hover_enabled=&#8221;off&#8221; button_one_border_width__hover_enabled=&#8221;off&#8221; button_two_border_width__hover_enabled=&#8221;off&#8221; button_border_color__hover_enabled=&#8221;off&#8221; button_one_border_color__hover_enabled=&#8221;off&#8221; button_two_border_color__hover_enabled=&#8221;off&#8221; button_border_radius__hover_enabled=&#8221;off&#8221; button_one_border_radius__hover_enabled=&#8221;off&#8221; button_two_border_radius__hover_enabled=&#8221;off&#8221; button_letter_spacing__hover_enabled=&#8221;off&#8221; button_one_letter_spacing__hover_enabled=&#8221;off&#8221; button_two_letter_spacing__hover_enabled=&#8221;off&#8221; button_bg_color__hover_enabled=&#8221;off&#8221; button_one_bg_color__hover_enabled=&#8221;off&#8221; button_two_bg_color__hover_enabled=&#8221;off&#8221;][et_pb_slide heading=&#8221;Agradecemos a sua visita&#8221; image=&#8221;https:\/\/neomundi.com.br\/novo\/wp-content\/uploads\/2018\/03\/shaking-hands-2499612_1920.jpg&#8221; use_bg_overlay=&#8221;off&#8221; use_text_overlay=&#8221;off&#8221; _builder_version=&#8221;4.16&#8243; header_font_size=&#8221;40&#8243; background_color=&#8221;#ffffff&#8221; use_background_color_gradient=&#8221;on&#8221; background_color_gradient_stops=&#8221;#000000 0%|#ffffff 100%&#8221; background_color_gradient_overlays_image=&#8221;on&#8221; background_color_gradient_start=&#8221;#000000&#8243; background_color_gradient_end=&#8221;#ffffff&#8221; button_on_hover=&#8221;on&#8221; header_font_size_tablet=&#8221;40&#8243; header_font_size_phone=&#8221;40&#8243; global_colors_info=&#8221;{}&#8221; button_text_size__hover_enabled=&#8221;off&#8221; button_one_text_size__hover_enabled=&#8221;off&#8221; button_two_text_size__hover_enabled=&#8221;off&#8221; button_text_color__hover_enabled=&#8221;off&#8221; button_one_text_color__hover_enabled=&#8221;off&#8221; button_two_text_color__hover_enabled=&#8221;off&#8221; button_border_width__hover_enabled=&#8221;off&#8221; button_one_border_width__hover_enabled=&#8221;off&#8221; button_two_border_width__hover_enabled=&#8221;off&#8221; button_border_color__hover_enabled=&#8221;off&#8221; button_one_border_color__hover_enabled=&#8221;off&#8221; button_two_border_color__hover_enabled=&#8221;off&#8221; button_border_radius__hover_enabled=&#8221;off&#8221; button_one_border_radius__hover_enabled=&#8221;off&#8221; button_two_border_radius__hover_enabled=&#8221;off&#8221; button_letter_spacing__hover_enabled=&#8221;off&#8221; button_one_letter_spacing__hover_enabled=&#8221;off&#8221; button_two_letter_spacing__hover_enabled=&#8221;off&#8221; button_bg_color__hover_enabled=&#8221;off&#8221; button_one_bg_color__hover_enabled=&#8221;off&#8221; button_two_bg_color__hover_enabled=&#8221;off&#8221; sticky_transition=&#8221;on&#8221;]Seja bem vido!<\/p>\n<p>Somos uma empresa de tecnologia que atua h\u00e1 mais de 20 anos no mercado de Internet.<br \/>\nCom experi\u00eancia, honestidade e contato direto com nossos clientes, fornecemos servi\u00e7os personalizados visando economia de recursos, seguran\u00e7a e alta disponibilidade.<br \/>\n[\/et_pb_slide][et_pb_slide heading=&#8221;Atua\u00e7\u00e3o&#8221; image=&#8221;https:\/\/neomundi.com.br\/novo\/wp-content\/uploads\/2018\/03\/networking-1626665_1280.jpg&#8221; use_bg_overlay=&#8221;off&#8221; use_text_overlay=&#8221;off&#8221; _builder_version=&#8221;4.16&#8243; use_background_color_gradient=&#8221;on&#8221; background_color_gradient_stops=&#8221;#2f97ed 0%|#ffffff 100%&#8221; background_color_gradient_start=&#8221;#2f97ed&#8221; background_color_gradient_end=&#8221;#ffffff&#8221; global_colors_info=&#8221;{}&#8221; button_text_size__hover_enabled=&#8221;off&#8221; button_one_text_size__hover_enabled=&#8221;off&#8221; button_two_text_size__hover_enabled=&#8221;off&#8221; button_text_color__hover_enabled=&#8221;off&#8221; button_one_text_color__hover_enabled=&#8221;off&#8221; button_two_text_color__hover_enabled=&#8221;off&#8221; button_border_width__hover_enabled=&#8221;off&#8221; button_one_border_width__hover_enabled=&#8221;off&#8221; button_two_border_width__hover_enabled=&#8221;off&#8221; button_border_color__hover_enabled=&#8221;off&#8221; button_one_border_color__hover_enabled=&#8221;off&#8221; button_two_border_color__hover_enabled=&#8221;off&#8221; button_border_radius__hover_enabled=&#8221;off&#8221; button_one_border_radius__hover_enabled=&#8221;off&#8221; button_two_border_radius__hover_enabled=&#8221;off&#8221; button_letter_spacing__hover_enabled=&#8221;off&#8221; button_one_letter_spacing__hover_enabled=&#8221;off&#8221; button_two_letter_spacing__hover_enabled=&#8221;off&#8221; button_bg_color__hover_enabled=&#8221;off&#8221; button_one_bg_color__hover_enabled=&#8221;off&#8221; button_two_bg_color__hover_enabled=&#8221;off&#8221; sticky_transition=&#8221;on&#8221;]<\/p>\n<ul>\n<li>Facilitadores: Dimensionamos, contratamos e gerenciamos equipamentos e sistemas para as mais diversas finalidades na \u00e1rea de TI:<br \/>\n&#8211; Servidores para EAD,<br \/>\n&#8211; Transmiss\u00e3o de v\u00eddeo online,<br \/>\n&#8211; Servidores de armazenamento,<br \/>\n&#8211; Servidores WEB, etc<\/li>\n<li>Hospedamos e desenvolvemos sites<\/li>\n<\/ul>\n<p>[\/et_pb_slide][et_pb_slide heading=&#8221;Diferenciais&#8221; image=&#8221;https:\/\/neomundi.com.br\/novo\/wp-content\/uploads\/2018\/03\/keyboard-27183_1280.png&#8221; use_bg_overlay=&#8221;off&#8221; use_text_overlay=&#8221;off&#8221; _builder_version=&#8221;4.16&#8243; background_color=&#8221;#ffffff&#8221; use_background_color_gradient=&#8221;on&#8221; background_color_gradient_stops=&#8221;rgba(224,174,67,0.76) 0%|#a1a372 100%&#8221; background_color_gradient_start=&#8221;rgba(224,174,67,0.76)&#8221; background_color_gradient_end=&#8221;#a1a372&#8243; button_on_hover=&#8221;on&#8221; global_colors_info=&#8221;{}&#8221; button_text_size__hover_enabled=&#8221;off&#8221; button_one_text_size__hover_enabled=&#8221;off&#8221; button_two_text_size__hover_enabled=&#8221;off&#8221; button_text_color__hover_enabled=&#8221;off&#8221; button_one_text_color__hover_enabled=&#8221;off&#8221; button_two_text_color__hover_enabled=&#8221;off&#8221; button_border_width__hover_enabled=&#8221;off&#8221; button_one_border_width__hover_enabled=&#8221;off&#8221; button_two_border_width__hover_enabled=&#8221;off&#8221; button_border_color__hover_enabled=&#8221;off&#8221; button_one_border_color__hover_enabled=&#8221;off&#8221; button_two_border_color__hover_enabled=&#8221;off&#8221; button_border_radius__hover_enabled=&#8221;off&#8221; button_one_border_radius__hover_enabled=&#8221;off&#8221; button_two_border_radius__hover_enabled=&#8221;off&#8221; button_letter_spacing__hover_enabled=&#8221;off&#8221; button_one_letter_spacing__hover_enabled=&#8221;off&#8221; button_two_letter_spacing__hover_enabled=&#8221;off&#8221; button_bg_color__hover_enabled=&#8221;off&#8221; button_one_bg_color__hover_enabled=&#8221;off&#8221; button_two_bg_color__hover_enabled=&#8221;off&#8221; sticky_transition=&#8221;on&#8221;]Atuando no mercado de Internet desde 1995 nossa empresa tem como principais diferenciais:<\/p>\n<ul>\n<li>Seguran\u00e7a na manuten\u00e7\u00e3o, atualiza\u00e7\u00e3o e nas pr\u00e1ticas de gest\u00e3o\/gerenciamento dos sistemas contratados,<\/li>\n<li>Alta disponibilidade dos servi\u00e7os,<\/li>\n<li>Confiabilidade,<\/li>\n<li>Servi\u00e7os e atendimentos personalizados, acompanhando as necessidades de crescimento dos nossos clientes.<\/li>\n<\/ul>\n<p>[\/et_pb_slide][et_pb_slide heading=&#8221;Economia e racionalidade&#8221; image=&#8221;https:\/\/neomundi.com.br\/novo\/wp-content\/uploads\/2018\/03\/money.png&#8221; use_bg_overlay=&#8221;off&#8221; use_text_overlay=&#8221;off&#8221; _builder_version=&#8221;4.16&#8243; use_background_color_gradient=&#8221;on&#8221; background_color_gradient_stops=&#8221;#81f4d2 0%|#104c30 100%&#8221; background_color_gradient_start=&#8221;#81f4d2&#8243; background_color_gradient_end=&#8221;#104c30&#8243; button_on_hover=&#8221;on&#8221; global_colors_info=&#8221;{}&#8221; button_text_size__hover_enabled=&#8221;off&#8221; button_one_text_size__hover_enabled=&#8221;off&#8221; button_two_text_size__hover_enabled=&#8221;off&#8221; button_text_color__hover_enabled=&#8221;off&#8221; button_one_text_color__hover_enabled=&#8221;off&#8221; button_two_text_color__hover_enabled=&#8221;off&#8221; button_border_width__hover_enabled=&#8221;off&#8221; button_one_border_width__hover_enabled=&#8221;off&#8221; button_two_border_width__hover_enabled=&#8221;off&#8221; button_border_color__hover_enabled=&#8221;off&#8221; button_one_border_color__hover_enabled=&#8221;off&#8221; button_two_border_color__hover_enabled=&#8221;off&#8221; button_border_radius__hover_enabled=&#8221;off&#8221; button_one_border_radius__hover_enabled=&#8221;off&#8221; button_two_border_radius__hover_enabled=&#8221;off&#8221; button_letter_spacing__hover_enabled=&#8221;off&#8221; button_one_letter_spacing__hover_enabled=&#8221;off&#8221; button_two_letter_spacing__hover_enabled=&#8221;off&#8221; button_bg_color__hover_enabled=&#8221;off&#8221; button_one_bg_color__hover_enabled=&#8221;off&#8221; button_two_bg_color__hover_enabled=&#8221;off&#8221; sticky_transition=&#8221;on&#8221;]Contratando nossos servi\u00e7os sua empresa economiza na gest\u00e3o de TI relacionada \u00e0 WEB:<\/p>\n<ul>\n<li>Utiliza menos pessoal;<\/li>\n<li>Economiza nas trocas de sistemas e equipamentos (em compara\u00e7\u00e3o \u00e0s empresas com sistemas mantidos localmente);<\/li>\n<li>Reduz a preocupa\u00e7\u00e3o com a escalabilidade: Economiza tempo no planejamento e gest\u00e3o de licen\u00e7as e equipamentos destinados \u00e0 amplia\u00e7\u00e3o da capacidade de atendimento dos sistemas WEB.<\/li>\n<\/ul>\n<p>[\/et_pb_slide][\/et_pb_slider][\/et_pb_column][\/et_pb_row][et_pb_row _builder_version=&#8221;4.16&#8243; _module_preset=&#8221;default&#8221; global_colors_info=&#8221;{}&#8221;][et_pb_column type=&#8221;4_4&#8243; _builder_version=&#8221;4.16&#8243; _module_preset=&#8221;default&#8221; global_colors_info=&#8221;{}&#8221;][et_pb_testimonial author=&#8221;Humberto Coelho&#8221; job_title=&#8221;Diretor&#8221; company_name=&#8221;Neomundi Internet&#8221; portrait_url=&#8221;data:image\/svg+xml;base64,PHN2ZyB3aWR0aD0iNTAwIiBoZWlnaHQ9IjUwMCIgdmlld0JveD0iMCAwIDUwMCA1MDAiIHhtbG5zPSJodHRwOi8vd3d3LnczLm9yZy8yMDAwL3N2ZyI+CiAgICA8ZyBmaWxsPSJub25lIiBmaWxsLXJ1bGU9ImV2ZW5vZGQiPgogICAgICAgIDxwYXRoIGZpbGw9IiNFQkVCRUIiIGQ9Ik0wIDBoNTAwdjUwMEgweiIvPgogICAgICAgIDxyZWN0IGZpbGwtb3BhY2l0eT0iLjEiIGZpbGw9IiMwMDAiIHg9IjY4IiB5PSIzMDUiIHdpZHRoPSIzNjQiIGhlaWdodD0iNTY4IiByeD0iMTgyIi8+CiAgICAgICAgPGNpcmNsZSBmaWxsLW9wYWNpdHk9Ii4xIiBmaWxsPSIjMDAwIiBjeD0iMjQ5IiBjeT0iMTcyIiByPSIxMDAiLz4KICAgIDwvZz4KPC9zdmc+Cg==&#8221; _builder_version=&#8221;4.27.0&#8243; _module_preset=&#8221;default&#8221; hover_enabled=&#8221;0&#8243; global_colors_info=&#8221;{}&#8221; ab_subject=&#8221;on&#8221; ab_subject_id=&#8221;1&#8243; ab_goal=&#8221;on&#8221; sticky_enabled=&#8221;0&#8243;]<\/p>\n<p>IMPORTANTE:<br \/>Hoje, 10\/03\/2021 &#8211; 11:00, tomamos ci\u00eancia de que est\u00e3o entrando em contato com empresas distribuidoras de produtos para inform\u00e1tica utilizando como negociador, o at\u00e9 agora descrito como <span style=\"background-color: #f5f5f5; font-size: 14px;\">Rodrigo Soares, que n\u00e3o \u00e9 nem nunca foi nosso funcion\u00e1rio.<br \/>Os FRAUDADORES utilizam c\u00f3pias de documentos, juntamente com uma CNH fraudada para fazer compras da alto valor em nosso nome.<br \/>INFORMAMOS que desde 2008 N\u00c3O trabalhamos comprando ou revendendo qualquer equipamento de INFORMATICA, e mesmo quando o faz\u00edamos nunca financiamos qualquer valor.<br \/>Nosso trabalho \u00e9 dimensionar, contratar e gerenciar servidores e servi\u00e7os, com pagamento antecipado pelo uso\/disponibiliza\u00e7\u00e3o dos servi\u00e7os.<br \/>Solicitamos a todos que forem procurados em nome da empresa que RECUSEM a venda sob qualquer justificativa quando n\u00e3o se tratar de venda \u00e0 vista, e, ainda assim, chequem conosco presencialmente ou por v\u00eddeo em caso de alguma compra de alto valor.<\/span><\/p>\n<p>Estamos a disposi\u00e7\u00e3o para eventuais esclarecimentos.<span style=\"background-color: #f5f5f5; font-size: 14px;\"><\/span><\/p>\n<p>[\/et_pb_testimonial][\/et_pb_column][\/et_pb_row][et_pb_row _builder_version=&#8221;4.27.0&#8243; _module_preset=&#8221;default&#8221;][et_pb_column _builder_version=&#8221;4.27.0&#8243; _module_preset=&#8221;default&#8221; type=&#8221;4_4&#8243;][\/et_pb_column][\/et_pb_row][\/et_pb_section]<\/p>\n","protected":false},"excerpt":{"rendered":"<p>Seja bem vindo. IMPORTANTE:\u00a0Hoje, 10\/03\/2021 &#8211; 11:00, tomamos ci\u00eancia de que est\u00e3o entrando em contato com empresas distribuidoras de produtos para inform\u00e1tica utilizando como negociador, o at\u00e9 agora descrito como Rodrigo Soares, que n\u00e3o \u00e9 nem nunca foi nosso funcion\u00e1rio.Os FRAUDADORES utilizam c\u00f3pias de documentos, juntamente com uma CNH fraudada para fazer compras da [&hellip;]<\/p>\n","protected":false},"author":1,"featured_media":0,"parent":0,"menu_order":0,"comment_status":"closed","ping_status":"closed","template":"","meta":{"_et_pb_use_builder":"on","_et_pb_old_content":"<p>[et_pb_section bb_built=\"1\"][et_pb_row][\/et_pb_row][\/et_pb_section]<\/p>","_et_gb_content_width":"","footnotes":""},"class_list":["post-7","page","type-page","status-publish","hentry"],"_links":{"self":[{"href":"https:\/\/neomundi.com.br\/novo\/wp-json\/wp\/v2\/pages\/7","targetHints":{"allow":["GET"]}}],"collection":[{"href":"https:\/\/neomundi.com.br\/novo\/wp-json\/wp\/v2\/pages"}],"about":[{"href":"https:\/\/neomundi.com.br\/novo\/wp-json\/wp\/v2\/types\/page"}],"author":[{"embeddable":true,"href":"https:\/\/neomundi.com.br\/novo\/wp-json\/wp\/v2\/users\/1"}],"replies":[{"embeddable":true,"href":"https:\/\/neomundi.com.br\/novo\/wp-json\/wp\/v2\/comments?post=7"}],"version-history":[{"count":40,"href":"https:\/\/neomundi.com.br\/novo\/wp-json\/wp\/v2\/pages\/7\/revisions"}],"predecessor-version":[{"id":453,"href":"https:\/\/neomundi.com.br\/novo\/wp-json\/wp\/v2\/pages\/7\/revisions\/453"}],"wp:attachment":[{"href":"https:\/\/neomundi.com.br\/novo\/wp-json\/wp\/v2\/media?parent=7"}],"curies":[{"name":"wp","href":"https:\/\/api.w.org\/{rel}","templated":true}]}}